{"id":11,"date":"2019-07-04T20:34:20","date_gmt":"2019-07-04T20:34:20","guid":{"rendered":"http:\/\/www.viribusunitis-ag.eu\/?page_id=11"},"modified":"2019-07-13T08:24:57","modified_gmt":"2019-07-13T08:24:57","slug":"11-2","status":"publish","type":"page","link":"https:\/\/www.viribusunitis-ag.eu\/","title":{"rendered":"Unternehmen_DE"},"content":{"rendered":"<div class=\"wpb-content-wrapper\">[vc_row][vc_column][vc_column_text]<iframe loading=\"lazy\" src=\"https:\/\/player.vimeo.com\/video\/305490527\" width=\"640\" height=\"360\" frameborder=\"0\" allowfullscreen=\"allowfullscreen\"><\/iframe><\/p>\n<p><a href=\"https:\/\/vimeo.com\/305490527\">Viribus Unitis AG Anlage 2015 &#8211; FullHD<\/a> from <a href=\"https:\/\/vimeo.com\/user92659001\">VIRIBUS UNITIS AG<\/a> on <a href=\"https:\/\/vimeo.com\">Vimeo<\/a>.<\/p>\n[\/vc_column_text][\/vc_column][\/vc_row][vc_row][vc_column][vc_column_text]\n<h2 style=\"text-align: center;\">UNTERNEHMEN<\/h2>\n[\/vc_column_text][vc_row_inner][vc_column_inner width=&#8220;1\/2&#8243;][vc_single_image image=&#8220;12&#8243; img_size=&#8220;large&#8220; alignment=&#8220;center&#8220;][\/vc_column_inner][vc_column_inner width=&#8220;1\/2&#8243;][vc_column_text]Die Viribus Unitis Arbeitsgemeinschaft besch\u00e4ftigt sich seit einigen Jahren mit dem Thema: &#8222;Islandhopper&#8220;, Energie aus Abfall mit innovativer Technologie.<\/p>\n<p>Dies erfolgt in einer von uns entwickelten Verfahrens- und Anlagentechnologie mit Hilfe der Depolymerisation, zur Umwandlung von Abf\u00e4llen in Energie wie Gas, \u00d6l und in weiterer Folge via Generator in Strom.[\/vc_column_text][\/vc_column_inner][\/vc_row_inner][vc_row_inner][vc_column_inner width=&#8220;1\/2&#8243;][vc_column_text]Die Herstellung der Energie erfolgt CO<sub>2<\/sub> neutral in einem geschlossenen Kreislauf. In diesem Verfahren wird mit niedriger Temperatur (max. bis 450<span style=\"color: #666699;\">\u00b0<\/span>C) und genau eingestellten Druckver\u00e4ltnissen unter Ausschluss von Sauerstoff die &#8222;R\u00fcckreaktion&#8220; der Polymerisation aktiviert und so die Energie der Inputmaterialien in Form von Gas und \u00d6l zur\u00fcckgewonnen.[\/vc_column_text][\/vc_column_inner][vc_column_inner width=&#8220;1\/2&#8243;][vc_single_image image=&#8220;13&#8243; img_size=&#8220;large&#8220; alignment=&#8220;center&#8220;][\/vc_column_inner][\/vc_row_inner][vc_row_inner][vc_column_inner width=&#8220;1\/2&#8243;][vc_column_text]In diesem Bereich haben wir uns durch verschiedene realit\u00e4tsbezogene Verfahrensmodi in den letzten Jahren umfangreiche Kenntnisse der Herstellung un Know-how angeeignet, welches zur Beherrschung des Verfahrens und somit zur Aufarbeitung der gegenst\u00e4ndlichen Fraktion unbedingt notwendig ist.<\/p>\n<p>Der Anfallsort f\u00fcr Abf\u00e4lle und der Einsatzort f\u00fcr die gewonnenen Brennstoffe sind meist weit auseinander, so dass zus\u00e4tzliche zus\u00e4tzliche logistische Ma\u00dfnahmen erforderlich sind. Dies f\u00fchrt sehr oft zu einer nicht optimalen Ausnutzung der Anlagentechnik, da man sehr oft in Konkurrenz mit Deponien oder anderen Entsorgungswegen steht. Als L\u00f6sungsansatz wurde die Anlagentechnologie auf ein daf\u00fcr ausgelegtes Schiff erdacht. Mit einem speziell auf die Anforderung (Gr\u00f6\u00dfe der Anlagen und die Gr\u00f6\u00dfe des Schiffes) und der Situation konzipierten Schiffes, k\u00f6nnte sowohl die Logistik als auch eine 100% Ausnutzung der Anlagentechnik gew\u00e4hrleistet werden.[\/vc_column_text][\/vc_column_inner][vc_column_inner width=&#8220;1\/2&#8243;][vc_column_text]Auf diesen Produktionsschiffen werden Haus- und Gewerbeabf\u00e4lle getrennt, sortiert und in Sekund\u00e4rbrennstoffe weiterverarbeitet. Dies erfolgt w\u00e4hrend der Fahrt zum Endabnehmer der einzelnen Produkte.<\/p>\n<p align=\"left\">Weitere Unternehmensbereiche sind:<\/p>\n<div align=\"left\">\n<ul>\n<li>Umsetzung und Kontrolle von VU-Schiffen, die in Lizenz an Schiffswerften und andere Interessenten weltweit verkauft werden.<\/li>\n<li>Kommerzieller Verkauf der gewonnenen Wert- und Sekund\u00e4rbrennstoffe.<\/li>\n<li>Errichtung von Trenn- und Sekund\u00e4rbrennstoffanlagen an Land.<\/li>\n<li>Sanierung von Deponien und kontaminierten Fl\u00e4chen.<\/li>\n<li>Errichtung von Anlagen zur Erzeugung elektrischer Energie (an Land oder mobil per Schiff).<\/li>\n<li>Anbieten von Abfalllogistik und Entsorgungskonzepten inklusieve deren Umsetzung<\/li>\n<li>Betreiben von Schiffen zur M\u00fclltrennung und Verarbeitung.<\/li>\n<\/ul>\n<\/div>\n[\/vc_column_text][\/vc_column_inner][\/vc_row_inner][\/vc_column][\/vc_row]\n<\/div>","protected":false},"excerpt":{"rendered":"<p>[vc_row][vc_column][vc_column_text] Viribus Unitis AG Anlage 2015 &#8211; FullHD from VIRIBUS UNITIS AG on Vimeo. [\/vc_column_text][\/vc_column][\/vc_row][vc_row][vc_column][vc_column_text] UNTERNEHMEN [\/vc_column_text][vc_row_inner][vc_column_inner width=&#8220;1\/2&#8243;][vc_single_image image=&#8220;12&#8243; img_size=&#8220;large&#8220; alignment=&#8220;center&#8220;][\/vc_column_inner][vc_column_inner width=&#8220;1\/2&#8243;][vc_column_text]Die Viribus Unitis Arbeitsgemeinschaft besch\u00e4ftigt sich seit einigen Jahren mit dem Thema: &#8222;Islandhopper&#8220;, Energie aus Abfall mit innovativer Technologie. Dies erfolgt in einer von uns entwickelten Verfahrens- und Anlagentechnologie mit Hilfe der Depolymerisation, zur Umwandlung von Abf\u00e4llen in Energie &#8230; <\/p>\n<div><a href=\"https:\/\/www.viribusunitis-ag.eu\/\" class=\"more-link\">Read More<\/a><\/div>\n","protected":false},"author":1,"featured_media":0,"parent":0,"menu_order":0,"comment_status":"closed","ping_status":"closed","template":"","meta":{"footnotes":""},"_links":{"self":[{"href":"https:\/\/www.viribusunitis-ag.eu\/index.php?rest_route=\/wp\/v2\/pages\/11"}],"collection":[{"href":"https:\/\/www.viribusunitis-ag.eu\/index.php?rest_route=\/wp\/v2\/pages"}],"about":[{"href":"https:\/\/www.viribusunitis-ag.eu\/index.php?rest_route=\/wp\/v2\/types\/page"}],"author":[{"embeddable":true,"href":"https:\/\/www.viribusunitis-ag.eu\/index.php?rest_route=\/wp\/v2\/users\/1"}],"replies":[{"embeddable":true,"href":"https:\/\/www.viribusunitis-ag.eu\/index.php?rest_route=%2Fwp%2Fv2%2Fcomments&post=11"}],"version-history":[{"count":8,"href":"https:\/\/www.viribusunitis-ag.eu\/index.php?rest_route=\/wp\/v2\/pages\/11\/revisions"}],"predecessor-version":[{"id":67,"href":"https:\/\/www.viribusunitis-ag.eu\/index.php?rest_route=\/wp\/v2\/pages\/11\/revisions\/67"}],"wp:attachment":[{"href":"https:\/\/www.viribusunitis-ag.eu\/index.php?rest_route=%2Fwp%2Fv2%2Fmedia&parent=11"}],"curies":[{"name":"wp","href":"https:\/\/api.w.org\/{rel}","templated":true}]}}